st common divisor of s and 924?
21
Let j be (18 + -4)*34*2. Calculate the greatest common factor of j and 16.
8
Suppose 10*g = 6*g - 8. Let m be g + 8 + 1 + 2. What is the highest common factor of 27 and m?
9
Suppose -7*k + 253 = -5*k - g, k - 130 = 4*g. What is the greatest common divisor of 18 and k?
18
Let a = -185 + 191. Calculate the greatest common divisor of 18 and a.
6
Suppose 0 = -0*o + 3*o - p - 97, -4*o - 4*p + 140 = 0. Let y be (88*(-11)/132)/(2/(-3)). Calculate the greatest common factor of o and y.
11
Let u(f) = f**3 + 12*f**2 - 6*f + 3. Let b be u(3). What is the highest common factor of b and 72?
24
Suppose 0 = -3*g + 7*g - 2*k - 782, -g - k = -194. Suppose -a - 4*a = -g. Let q be (56 - -1) + a/(-13). What is the greatest common factor of q and 18?
18
Suppose 0 = -x - 3*v + 226, -x - 5*v = -0*v - 228. Suppose -x + 71 = -4*l. What is the greatest common divisor of 57 and l?
19
Let j be (463 - 28) + 1 + -2 + 3. Calculate the highest common divisor of j and 23.
23
Suppose 28*o - 10898 = 1338. Calculate the greatest common divisor of o and 19.
19
Let l(n) = 2*n + 3. Let q be l(1). Suppose -6*y = q + 1. Let p be (1 + 49)/((-2)/y). Calculate the greatest common divisor of 225 and p.
25
Let p = 196 + -142. Let x = -31 - -67. What is the greatest common divisor of x and p?
18
Suppose -5*j - 8 = 5*n - 18, -14 = -4*n - j. Let c be (-4)/6 + 1280/30. Suppose c = n*d - d. Calculate the greatest common divisor of 35 and d.
7
Suppose 5*n - 523 = 427. Let f = 59 - 21. Calculate the highest common factor of f and n.
38
Let i(g) = -21*g**2 + 8*g + 8*g**2 + 12*g**2 - 5. Let f be i(3). Suppose -3*m + 4*t - t = -255, 2*t + 410 = 5*m. What is the greatest common divisor of m and f?
10
Let g(y) = -67*y**3 + y**2 + 2*y + 1. Let v be g(-1). Suppose 142*m = 127*m + 525. Let o = v - m. What is the highest common divisor of o and 4?
4
Let b = -6 - -14. Let s = -62 - -70. What is the greatest common factor of s and b?
8
Let q be 10/(-6)*15/(-5). Let m be (-11 + -10)*q/(-3). Suppose -g + m = 11. What is the highest common divisor of 168 and g?
24
Let y = -92 - -94. Suppose 4*i + 10 = -i. Let v be (y - -16) + i/(-1). What is the highest common divisor of v and 5?
5
Suppose -g + 6*g = 0. Suppose 2*w - w - 21 = g. Suppose 3*p + 3*l = 489, 5*l = 9*l + 20. What is the highest common divisor of w and p?
21
Let s(x) = 7*x + 224. Let r be s(-10). Calculate the highest common divisor of 42 and r.
14
Let z be (99/6 - 0)/(36/48). What is the greatest common divisor of 506 and z?
22
Let w(t) be the first derivative of t**3/3 - t**2/2 - 13*t - 5. Let u be w(7). Let h = u + -12. What is the greatest common divisor of h and 51?
17
Let u(w) = w**2 - 5*w + 8. Let l be u(6). Let d = 3337 - 3330. Calculate the highest common factor of d and l.
7
Let u be 3/(-24) - (-95)/(-8). Let i be (105/u)/1*4. Let r be ((-360)/i)/(1/7). Calculate the greatest common factor of 8 and r.
8
Let u(g) = 9*g + 465. Let n be u(-47). Let b be (4/3)/(2/21). Calculate the highest common factor of n and b.
14
Let h = 9 + -5. Suppose h*v + 2 = -d - 3, -3*d + 7 = v. Suppose d*k - 385 = 143. Calculate the greatest common factor of 16 and k.
16
Let d(x) = -x**2 - 5*x + 8. Let z be d(-4). Let r = -6 - -3. Let l be ((-48)/(-4))/(r/(-3)). Calculate the highest common factor of l and z.
12
Suppose 0 = -k - 0*z + 3*z + 13, k = -5*z - 3. Suppose -f + k*f - 60 = 0. Calculate the highest common factor of f and 10.
10
Suppose -g + 21 = 4*y, -3*y + 7 = 3*g - 11. Let q = -969 + 988. Calculate the greatest common divisor of g and q.
1
Let k be -3 + 2 + (-9)/3. Let l be 0 - 9*k/4. Suppose -5*y + 38 = -7. Calculate the greatest common divisor of y and l.
9
Let j be (-69951)/(-84) + 3/(-4). Calculate the highest common factor of 160 and j.
32
Let t(n) = 2*n - 16 + 32*n + 2*n - 3*n. Suppose -3*m + 8 = -2*m. Let k be t(m). What is the greatest common factor of k and 31?
31
Let o(f) = -f**2 + 6*f + 19. Let t be o(8). What is the highest common factor of t and 9?
3
Let m be 4*-47*(-11 - (-126)/12). What is the highest common divisor of 893 and m?
47
Suppose 0 = 5*p - 5*f - 4365, f + 8 = 5*f. What is the highest common factor of p and 35?
35
Let w(r) = r**3 + 11*r**2 - 4*r. Let v be w(6). Suppose -4*f = -3*m - v + 98, -5*f - 4*m = -597. What is the greatest common divisor of f and 11?
11
Suppose -16*w + 3744 = 2*w. What is the highest common factor of 26 and w?
26
Suppose -4*f + 8 = 0, -3*w = -2*f + 4*f - 16. Let q be ((-4)/(-5))/(8/20). Suppose -q*m - 21 = -53. What is the greatest common factor of m and w?
4
Suppose 6*s = s - 10, 0 = t + 3*s + 4. Suppose t*h = h + 5. Calculate the highest common divisor of 35 and h.
5
Let s = -124 - -87. Let z = s - -41. Calculate the greatest common divisor of z and 4.
4
Let g = 32 + -19. Suppose 51 - 142 = -7*c. Calculate the highest common factor of c and g.
13
Let v(q) = -q**3 + 7*q**2 - 4*q + 10. Let o(c) = c**3 - 10*c**2 + 18*c - 11. Let x be o(8). Let y be v(x). What is the highest common factor of 5 and y?
5
Suppose 5*d = 2*d + 27. Let v(l) = l**3 - 10*l**2 + 12*l - 1. Let n be v(d). Calculate the greatest common factor of n and 286.
26
Let i be 0/(-3)*2/4. Suppose i = 5*t - 25, 0 = 2*f - 7*f + 3*t. Suppose s - 3 = 3*o, -6 + 51 = f*s + 3*o. What is the highest common factor of s and 24?
12
Let r(d) = -35*d + 70. Let j be r(-10). Calculate the greatest common divisor of 168 and j.
84
Suppose -4*o + 2935 + 1025 = -2*q, 0 = 2*o + q - 1988. Calculate the highest common factor of o and 31.
31
Let q = 4 + 9. Suppose -p + q - 35 = -3*k, 5*k - 42 = 3*p. What is the highest common divisor of 48 and k?
6
Suppose -2*k + 7*k = 4*n - 24, -2*n - 10 = 3*k. Let u = -17 - -20. Suppose 3*g = 3*i - 3, 2*i - g = -u*i + 9. What is the greatest common factor of i and n?
1
Let m(a) = -2*a**3 + 28*a**2 + a - 4. Let s be m(14). Suppose 2*v - 23 = t, -4*v = -5*t + 4*t - 43. What is the greatest common divisor of v and s?
10
Let i(z) = z**2 + z - 6. Let u be i(5). Let y = -26 + u. Let t(o) = -4*o**3 + o**2 + 2. Let p be t(y). Calculate the highest common factor of 95 and p.
19
Let i be 225/33 + (-6)/(-33). Suppose 7*t - 8*t = -56. Calculate the highest common divisor of t and i.
7
Let w(b) = -65*b**3 + b**2 + 0*b + b + 4*b**2 - 3*b**2. Let a be w(-1). Let n be 5093/a - (-2)/(-12). What is the highest common factor of 7 and n?
7
Suppose -856 = -5*i - 2*a - a, a - 682 = -4*i. What is the highest common divisor of 30 and i?
10
Let m = -28 + 30. Suppose 0 = -4*p - 4*o + 36, 5*p + o = m*p + 17. Calculate the highest common divisor of 36 and p.
4
Let g(j) = j**3 - 3*j**2 - 24. Let s be g(5). Suppose 2*c + 5*k = 250, -c + 5*k + 400 = 2*c. Calculate the highest common factor of s and c.
26
Suppose 92 = 4*l - 20. Let z = 4 - 2. Suppose -z*j + 18 - 4 = 0. What is the highest common factor of j and l?
7
Let b = -1236 - -2164. Let i be b/28 - 4/28. What is the greatest common factor of 33 and i?
33
Let t be 30/(-75) + (-4)/(-10). Suppose 5*n + 0 - 5 = t. Calculate the greatest common divisor of n and 1.
1
Let k = -478 + 677. Suppose -f - u = 2*f - k, -3*u = -4*f + 248. Suppose -3*z + 111 = 4*b, -2*z + 7 = 2*b - f. Calculate the greatest common factor of z and 3.
3
Let a(v) = v**2 - 2*v - 4. Let d be a(-4). Suppose 5*b = d + 230. What is the greatest common divisor of 10 and b?
10
Let j be -153*(16/12 - 2). Let a be (-63 - 0)/(j/(-136)). Let q = 19 - -37. Calculate the greatest common factor of q and a.
28
Let g be (-633)/(-6) - (-3)/(-48)*8. Calculate the greatest common divisor of g and 357.
21
Let t be 3/18 - 897/(-18). Suppose t = 2*z + 14. Suppose 0 = 3*p - 4*i - 35, -15 = -p - 4*i + z. Calculate the highest common divisor of p and 68.
17
Suppose 9*v = 12*v - 135. Let m(j) = j**2 - 10*j + 5. Let h be m(10). Calculate the highest common factor of h and v.
5
Let r(k) = 70*k + 20. Let i be r(4). What is the highest common divisor of 12 and i?
12
Let d(a) = -a**3 + 11*a**2 - 9*a - 8. Let g = 30 - 20. Let x be d(g). Suppose -20 = -22*i + 18*i. What is the highest common factor of i and x?
1
Suppose 4*k + 0*k - 8 = 0. Suppose k*o = 0, 7 = 2*h - o - 71. What is the greatest common factor of 104 and h?
13
Let i be 28 + (1 - 6) + 8/2. Calculate the highest common factor of 837 and i.
27
Let i = 695 - 290. What is the g